 26. What is the hundreds digit of j(p)?
4
Let d(y) = 11*y - 3. Let x = -67 - -70. What is the units digit of d(x)?
0
Suppose -4*q + 78145 = 3*k, 16*k - 58628 = -3*q + 11*k. What is the ten thousands digit of q?
1
Suppose 5*z = v - 465, -5*v = -3*v + 4*z - 958. Let i = v + -69. What is the tens digit of i?
0
Let t = 1078 + -536. What is the tens digit of t?
4
Let z = 51129 - 15451. What is the tens digit of z?
7
Suppose -296*o = 111*o - 16625543. What is the units digit of o?
9
Let o = 53462 + 5097. What is the units digit of o?
9
Suppose 3*m = -5*c + 1025 + 3315, 4*m = 0. Suppose -4*l = -c + 300. Suppose -f + l = y - 143, 3*f = -2*y + 857. What is the hundreds digit of f?
2
Suppose -15*f = -511 + 7381. Let y = 967 + f. What is the hundreds digit of y?
5
Suppose 2*w + 27*q - 29*q = 15860, -2*q = -5*w + 39668. What is the hundreds digit of w?
9
Let j = 13448 + -3608. What is the hundreds digit of j?
8
Let d(o) = o - 8. Let g(f) = -7*f + 14. Let v(x) = 7*d(x) + 3*g(x). Suppose -3*i - 2*i - 45 = 0. What is the tens digit of v(i)?
1
Let k = -3258 + 6244. Suppose 2*i - 2*p = 4*i - k, 5954 = 4*i - 5*p. What is the tens digit of i?
9
Let p(n) = -36*n**3 - 7*n**2 - 3*n - 1. Let k(a) = -a**3 + a**2 + a - 2. Let c(y) = -k(y) - p(y). What is the units digit of c(3)?
2
Suppose -5*l + 2*j + 1288 = -10*l, -240 = l - 4*j. Suppose -7*t - 548 = -3*t. Let s = t - l. What is the tens digit of s?
1
Let o(g) = 215*g + 30. Let v(d) = -8 - 18*d - 12*d - 5*d - 19*d. Let r(s) = -6*o(s) - 22*v(s). What is the units digit of r(-2)?
0
Let y(d) = 48*d**2 + 13*d + 24. Let l be y(-3). Let t = 963 - l. What is the units digit of t?
6
Suppose -3*w + 9*w - 97670 = 4*w. What is the units digit of w?
5
Let m(j) = -j**3 + 10*j**2 + 3*j - 25. Let s be m(10). Suppose -16 = -s*q - 1. Suppose 333 = 4*l - q*t, 0 = 3*l - t - 0*t - 251. What is the tens digit of l?
8
Suppose -3*c - 85 = -2*l, 5*c - 172 - 78 = -5*l. Let k = -53 + l. What is the units digit of (k/4)/(39/(-1222))?
7
Let g(n) = -17*n**3 - 11*n**2 + 58*n + 842. What is the hundreds digit of g(-12)?
9
What is the units digit of 17067569/1158 - 1/(-6)?
9
Let m = -17 + 12. Let h be -6*m/20*16. Suppose h*z - 96 = 22*z. What is the units digit of z?
8
Let h(d) be the third derivative of -d**5/60 - 13*d**4/12 + 17*d**3/6 - 12*d**2. What is the hundreds digit of h(-13)?
1
Let j be (-191 + 40)/(0 + 1/(-6)). Let h = j - 482. What is the units digit of h?
4
Let l = 61 - 56. Suppose 1715 = l*g - 5*m, -m - m - 1032 = -3*g. Let p = g + -192. What is the tens digit of p?
5
Suppose 32286 = 123*q - 78156 - 44538. What is the hundreds digit of q?
2
Suppose 29*o + 110906 = 2*z + 25*o, 2*z = -5*o + 110897. What is the tens digit of z?
5
What is the units digit of -10*206*(-721)/(-210)*-3?
8
Suppose -4*p - 20401 = -5*h + 126783, 3*h - 4*p - 88320 = 0. What is the tens digit of h?
3
Suppose -131*s = -130*s + g - 708, 0 = 5*s - 3*g - 3532. Suppose -2*a + 3857 = s. What is the hundreds digit of a?
5
Let d(i) = 2*i + 333. Let t be d(0). Suppose 0 = -8*j + 13*j + 1070. Let g = t + j. What is the hundreds digit of g?
1
Suppose 5*a = -2*a - 2590. Let g = -170 - a. Let p = g + -57. What is the hundreds digit of p?
1
Suppose 3*r - 4*r - 1636 = -5*v, 0 = -5*v + 2*r + 1637. Let s = 566 - v. What is the tens digit of s?
3
Let y(w) = 11*w**2 + 250*w - 77. What is the hundreds digit of y(-36)?
1
Suppose u - j = 1952, 2*u + 3880 = 4*u + 4*j. Suppose -672 = -i + 4*q, -4*q - u = -3*i - 9*q. What is the units digit of i?
6
Let j = 32756 + -19077. What is the ten thousands digit of j?
1
Suppose 5*s + 18 = 33. Suppose 4234 = s*p + 4*n, -20*n - 5636 = -4*p - 16*n. What is the tens digit of p?
1
Let b(u) = u**3 - 10*u**2 - 4*u - 28. Let l be b(13). Suppose 0 = x - l - 294. What is the hundreds digit of x?
7
Suppose 12*t - 62*t - 2186 - 5614 = 0. Let x be -94 - (1 + 1 - 4). Let l = x - t. What is the units digit of l?
4
Suppose 5*v - o - 9079 = 0, 3*o - 5433 = v - 4*v. What is the thousands digit of 1*(v + 5 - -1)?
1
What is the tens digit of ((-5912)/(-44))/(14/1316) + 4/(-22)?
3
Suppose 2*d + d = 186. Suppose -36*m - 573 = 1263. Let i = d + m. What is the units digit of i?
1
Suppose 25*c = 29*c - 3*g - 57881, 4*c - g = 57875. What is the units digit of c?
8
Suppose w + 7 - 29 = 0. Suppose -19*z = -w*z + 2394. What is the tens digit of z?
9
Let h = -11 - -64. Let l = h + -49. What is the hundreds digit of 16/(-8)*(-234)/l?
1
Let v be (-3)/((-15)/(-16670)*-1). Suppose -724 = 5*u - v. Suppose -5*r - 3*q = -u, 3*r + 5*q = -0*r + 310. What is the units digit of r?
5
What is the tens digit of (66/10 - 7) + (-22962)/(-5)?
9
Let a(i) = 228*i**2 + 56*i + 25. What is the hundreds digit of a(-5)?
4
Let q(l) = -271*l - 109. Let r = -82 + 79. What is the hundreds digit of q(r)?
7
Let q = -268 - -90. Let u = q + 546. What is the units digit of u?
8
Suppose 0 = 8*r + 16*r + 13056. Let q = -298 - r. What is the hundreds digit of q?
2
Let h(q) = 2*q**2 + 24*q + 34. Let x be h(-10). What is the units digit of (27/x - -6)*(-2604)/(-9)?
4
What is the ten thousands digit of ((-53900)/(-8) - 3)*(29 - 27)?
1
Let w(j) = 167*j + 6. Suppose -2*l + 8 = y - 1, 0 = -y + 3. What is the hundreds digit of w(l)?
5
Suppose 5*q + 6*m = 5*m + 25161, 2*q - 10062 = -m. What is the hundreds digit of q?
0
Suppose 15*t - 23753 = 28087. What is the thousands digit of t?
3
Let d(a) = -a**3 + 10*a**2 - 13*a + 36. Let b be d(9). Suppose 26*o + 1177 - 14801 = b. What is the hundreds digit of o?
5
Suppose 22267*i + 594755 = 22274*i. What is the tens digit of i?
6
Suppose -x - 6*j + 3*j - 1 = 0, -x - 13 = -3*j. Let f(b) = 4*b + 31. Let g be f(x). Suppose g*h - 27 = 6. What is the units digit of h?
1
Suppose -5*h + 340 = 5*u, 4*h - 3*u + 67 - 332 = 0. Let i = h + 98. Suppose r - 16 = g + 13, 5*r + 5*g - i = 0. What is the tens digit of r?
3
What is the ten thousands digit of ((-343439)/(-295))/(((-1)/(-10))/1)?
1
Let s(a) = a**3 - 50*a**2 + 96*a + 9. Let o be s(48). Let x(g) = 17*g - 5. Let h(f) = -18*f + 5. Let y(c) = 6*h(c) + 7*x(c). What is the units digit of y(o)?
4
Suppose 4*v - 93032 = -4*m, 5*v - 4*v - 4*m - 23288 = 0. What is the hundreds digit of v?
2
Let n be (-5)/15 - 2185/(-3). Let i be (-98)/(-14) + -2 + 2 + 1. Suppose n = i*z + 5*z. What is the tens digit of z?
5
Suppose 0*l + 4 = l, 0 = -5*v - 3*l + 42. Suppose -v*y = 7*y - 39. Let a(d) = 10*d**2 + 4*d - 10. What is the tens digit of a(y)?
9
Suppose 3*y + 9 = 0, -15769 = -4*i - y + 59140. What is the ten thousands digit of i?
1
Let s(d) = 2*d**3 + 6*d**2 + 10*d. Let w be s(-2). What is the hundreds digit of (3 - 2)*-38*330/w?
0
Suppose 10*b = 5*b + 460. Suppose 44 + b = q. Suppose q + 94 = 5*t. What is the tens digit of t?
4
Let a(w) = 3*w - 24*w - 815 + 814. Let q be (4/(-1) - 1) + 4. What is the units digit of a(q)?
0
Let s(k) = -162*k**3 - k**2 + 37*k + 148. What is the thousands digit of s(-4)?
0
Suppose 440*n = 60*n + 2433452 + 8764388. What is the hundreds digit of n?
4
Suppose 54*b - 528 = 32*b. What is the tens digit of ((-33)/(-2))/(b/48)?
3
Suppose 0 = -3*t - 4*j + j + 48, 2*j = -5*t + 74. Suppose t*x - 18*x + 1163 = -3*m, 3*m = -3*x + 888. What is the tens digit of x?
9
Suppose 145 - 161 = 4*g. What is the units digit of 1100 + (-1)/(3 + g)?
1
Let k(z) = -10*z + z**3 - 11*z - 11*z + 38*z - 31 - 14*z**2. What is the units digit of k(14)?
3
Suppose -5*k - 5*j - 149 = -1144, k - 205 = 2*j. Let s = k + 103. What is the hundreds digit of s?
3
Let m(p) = 32*p + 103. Let t be -29 + 48 - 0/(-2). What is the tens digit of m(t)?
1
Let u(d) = 117*d + 10. Let i = 11 - 6. Let l be u(i). Suppose -m + l = 6*m. What is the tens digit of m?
8
Suppose -63*a + 803708 = 70322 - 498327. What is the thousands digit of a?
9
Suppose -2*w + 20867 + 5235 = 0. What is the thousands digit of w?
3
Let f(b) = -5*b**3 - 7. Let v(r) be the third derivative of r**5/60 - r**4/4 + r**3 + 35*r**2. Let t be v(3). What is the tens digit of f(t)?
2
Suppose -o + 24 = 3*o. Let z be (25 - 0) + o + -6. What is the tens digit of -3 + 0 + 4 + z?
2
Let c = -31 - -432. Let g = c + -248. What is the hundreds digit of g?
1
Let f = -28 + 32. Suppose 3*q + 5 = -5*n - q, -4*q = f*n + 8. Let l(y) = 2*y**3 - y**2 - 6*y + 5. What is the units digit of l(n)?
2
Let n be 3*6/(-63) + (-228)